{"id":100,"date":"2025-03-12T12:14:05","date_gmt":"2025-03-12T11:14:05","guid":{"rendered":"https:\/\/stocknautico.es\/?page_id=100"},"modified":"2025-03-12T12:14:05","modified_gmt":"2025-03-12T11:14:05","slug":"gran-stock-nautico-a-precios-inmejorables","status":"publish","type":"page","link":"https:\/\/stocknautico.es\/index.php\/gran-stock-nautico-a-precios-inmejorables\/","title":{"rendered":"Gran Stock N\u00e1utico a Precios Inmejorables"},"content":{"rendered":"\n<div class=\"wp-block-uagb-container uagb-block-ftn4q5oc alignfull uagb-is-root-container\"><div class=\"uagb-container-inner-blocks-wrap\">\n<div class=\"wp-block-uagb-info-box uagb-block-ua7kfkwe uagb-infobox__content-wrap  uagb-infobox-icon-above-title uagb-infobox-image-valign-top\"><div class=\"uagb-ifb-content\"><div class=\"uagb-ifb-title-wrap\"><h1 class=\"uagb-ifb-title\">Aprovecha Nuestras Ofertas<\/h1><\/div><p class=\"uagb-ifb-desc\">Descubre nuestra amplia selecci\u00f3n de productos n\u00e1uticos de alta calidad, ahora disponibles a precios irresistibles. Ya sea que est\u00e9s buscando equipamiento, accesorios o piezas esenciales para tu embarcaci\u00f3n, en nuestro stock encontrar\u00e1s todo lo que necesitas.<\/p><\/div><\/div>\n\n\n\n<div class=\"wp-block-uagb-buttons uagb-buttons__outer-wrap uagb-btn__default-btn uagb-btn-tablet__default-btn uagb-btn-mobile__default-btn uagb-block-qcgmps7j\"><div class=\"uagb-buttons__wrap uagb-buttons-layout-wrap \">\n<div class=\"wp-block-uagb-buttons-child uagb-buttons__outer-wrap uagb-block-4w2bdxb1 wp-block-button\"><div class=\"uagb-button__wrapper\"><a class=\"uagb-buttons-repeater wp-block-button__link\" aria-label=\"\" href=\"#\" rel=\"follow noopener\" target=\"_self\" role=\"button\"><div class=\"uagb-button__link\">VAMOS A LA TIENDA!!<\/div><\/a><\/div><\/div>\n<\/div><\/div>\n\n\n\n<div class=\"wp-block-uagb-container uagb-block-vhvti9yh\">\n<div class=\"wp-block-uagb-image alignleft uagb-block-kyvaykkq wp-block-uagb-image--layout-default wp-block-uagb-image--effect-static wp-block-uagb-image--align-left\"><figure class=\"wp-block-uagb-image__figure\"><img decoding=\"async\" srcset=\"https:\/\/stocknautico.es\/wp-content\/uploads\/2025\/03\/desserts-02.jpg ,https:\/\/stocknautico.es\/wp-content\/uploads\/2025\/03\/desserts-02.jpg 780w, https:\/\/stocknautico.es\/wp-content\/uploads\/2025\/03\/desserts-02.jpg 360w\" sizes=\"auto, (max-width: 480px) 150px\" src=\"https:\/\/stocknautico.es\/wp-content\/uploads\/2025\/03\/desserts-02.jpg\" alt=\"\" class=\"uag-image-80570\" width=\"282\" height=\"370\" title=\"\" loading=\"lazy\" role=\"img\"\/><\/figure><\/div>\n\n\n\n<div class=\"wp-block-uagb-image alignleft uagb-block-c6byzxvx wp-block-uagb-image--layout-default wp-block-uagb-image--effect-static wp-block-uagb-image--align-left\"><figure class=\"wp-block-uagb-image__figure\"><img decoding=\"async\" srcset=\"https:\/\/stocknautico.es\/wp-content\/uploads\/2025\/03\/natures-02.jpg ,https:\/\/stocknautico.es\/wp-content\/uploads\/2025\/03\/natures-02.jpg 780w, https:\/\/stocknautico.es\/wp-content\/uploads\/2025\/03\/natures-02.jpg 360w\" sizes=\"auto, (max-width: 480px) 150px\" src=\"https:\/\/stocknautico.es\/wp-content\/uploads\/2025\/03\/natures-02.jpg\" alt=\"\" class=\"uag-image-80574\" width=\"282\" height=\"420\" title=\"\" loading=\"lazy\" role=\"img\"\/><\/figure><\/div>\n\n\n\n<div class=\"wp-block-uagb-image alignleft uagb-block-aanjf1m5 wp-block-uagb-image--layout-default wp-block-uagb-image--effect-static wp-block-uagb-image--align-left\"><figure class=\"wp-block-uagb-image__figure\"><img decoding=\"async\" srcset=\"https:\/\/stocknautico.es\/wp-content\/uploads\/2025\/03\/snow-mountains-02.jpg ,https:\/\/stocknautico.es\/wp-content\/uploads\/2025\/03\/snow-mountains-02.jpg 780w, https:\/\/stocknautico.es\/wp-content\/uploads\/2025\/03\/snow-mountains-02.jpg 360w\" sizes=\"auto, (max-width: 480px) 150px\" src=\"https:\/\/stocknautico.es\/wp-content\/uploads\/2025\/03\/snow-mountains-02.jpg\" alt=\"\" class=\"uag-image-80578\" width=\"282\" height=\"370\" title=\"\" loading=\"lazy\" role=\"img\"\/><\/figure><\/div>\n\n\n\n<div class=\"wp-block-uagb-image alignleft uagb-block-xbp6h6ka wp-block-uagb-image--layout-default wp-block-uagb-image--effect-static wp-block-uagb-image--align-left\"><figure class=\"wp-block-uagb-image__figure\"><img decoding=\"async\" srcset=\"https:\/\/stocknautico.es\/wp-content\/uploads\/2025\/03\/mountains-02.jpg ,https:\/\/stocknautico.es\/wp-content\/uploads\/2025\/03\/mountains-02.jpg 780w, https:\/\/stocknautico.es\/wp-content\/uploads\/2025\/03\/mountains-02.jpg 360w\" sizes=\"auto, (max-width: 480px) 150px\" src=\"https:\/\/stocknautico.es\/wp-content\/uploads\/2025\/03\/mountains-02.jpg\" alt=\"\" class=\"uag-image-80572\" width=\"282\" height=\"420\" title=\"\" loading=\"lazy\" role=\"img\"\/><\/figure><\/div>\n<\/div>\n<\/div><\/div>\n","protected":false},"excerpt":{"rendered":"","protected":false},"author":1,"featured_media":0,"parent":0,"menu_order":0,"comment_status":"closed","ping_status":"closed","template":"","meta":{"footnotes":""},"class_list":["post-100","page","type-page","status-publish","hentry"],"_links":{"self":[{"href":"https:\/\/stocknautico.es\/index.php\/wp-json\/wp\/v2\/pages\/100","targetHints":{"allow":["GET"]}}],"collection":[{"href":"https:\/\/stocknautico.es\/index.php\/wp-json\/wp\/v2\/pages"}],"about":[{"href":"https:\/\/stocknautico.es\/index.php\/wp-json\/wp\/v2\/types\/page"}],"author":[{"embeddable":true,"href":"https:\/\/stocknautico.es\/index.php\/wp-json\/wp\/v2\/users\/1"}],"replies":[{"embeddable":true,"href":"https:\/\/stocknautico.es\/index.php\/wp-json\/wp\/v2\/comments?post=100"}],"version-history":[{"count":2,"href":"https:\/\/stocknautico.es\/index.php\/wp-json\/wp\/v2\/pages\/100\/revisions"}],"predecessor-version":[{"id":102,"href":"https:\/\/stocknautico.es\/index.php\/wp-json\/wp\/v2\/pages\/100\/revisions\/102"}],"wp:attachment":[{"href":"https:\/\/stocknautico.es\/index.php\/wp-json\/wp\/v2\/media?parent=100"}],"curies":[{"name":"wp","href":"https:\/\/api.w.org\/{rel}","templated":true}]}}